 - 3) + (-6 - 0). Let r be n(o). Calculate the highest common divisor of 4 and r.
2
Let h = 68 + -59. Suppose -8*t + h*t = 72. What is the greatest common factor of t and 9?
9
Suppose 3*q - 8*q = -20, -26 = -u - 3*q. Let j be 0 - (-4 - (-3 - -1)). Suppose -112 = -3*h + j*h. Calculate the highest common divisor of h and u.
14
Let c(z) = z**3 - 4*z**2 - 23*z + 12. Let h be c(8). Calculate the greatest common divisor of h and 72.
12
Let j(v) = 3*v**2 - 7*v - 10. Let z be j(5). Calculate the highest common factor of z and 255.
15
Suppose -65 - 201 = -7*k. Let x = -135 - -192. What is the greatest common divisor of x and k?
19
Suppose -l - 3*r + 15 = -9, -4*r = -20. Suppose i = 3*k + 5 - 0, 2 = 2*i + 2*k. What is the highest common factor of l and i?
1
Let q be (1962/24)/((-12)/(-16)). Let n = q - 79. Calculate the greatest common factor of 20 and n.
10
Let j(n) = n - 24. Let d be j(37). Calculate the highest common divisor of d and 403.
13
Suppose -2*u - 9 = -3*r + u, -4*r - 9 = 3*u. Let l = r + 5. Let d be (1 - -2)*(-50)/(-3). What is the greatest common divisor of d and l?
5
Suppose 0 = -2*x - 13 + 21. Let u be (-50)/(-5) + -8 + x + 2. What is the greatest common divisor of u and 8?
8
Suppose a - g = -13, 0 = -a - 0*g + 3*g - 15. Let h = -9 - a. Suppose 20 = h*u + 2*u. What is the highest common factor of 44 and u?
4
Let f = -5 + 16. Let w = 178 + -101. Calculate the greatest common divisor of f and w.
11
Let m be (-645)/(-10)*(0 + 376/12). Calculate the greatest common factor of m and 47.
47
Let i = 11 - 6. Suppose j - 4*h = 18, -i*j + 0*h - 4*h + 42 = 0. What is the highest common divisor of 4 and j?
2
Suppose -4*p + 0*p + 260 = -2*z, -z = 2. Calculate the greatest common factor of 224 and p.
32
Let u(a) = 4*a**2 + 4*a + 9. Let l be u(-8). Let p = l + -165. Let o = 104 - p. Calculate the highest common factor of o and 12.
12
Let z(o) = -25*o + 20 - 31*o + 60*o. Let p be z(6). Let k = 5 - -6. What is the highest common divisor of p and k?
11
Suppose -13*d = -16*d + 12. Suppose 0 = -4*w + d, 2*m - 2*w - 148 - 26 = 0. What is the greatest common factor of 22 and m?
22
Let i = -15 - -26. Let p be (-90 + 13)/(-1 - 0). What is the greatest common divisor of i and p?
11
Let l = -104 + 313. What is the greatest common divisor of 19 and l?
19
Suppose 0 = 3*v - 5*l - 100, 0 = v - 2*l - 26 - 6. What is the highest common divisor of v and 15?
5
Let l = 4112 - 3993. Let b = 99 + -65. Calculate the greatest common divisor of l and b.
17
Let r be ((-126)/12)/(3/(-4)). Suppose -r*t + 280 = -9*t. What is the highest common factor of t and 14?
14
Let x(o) = o**3 + 19*o**2 + 23*o + 10. Let a be x(-18). Let k = a - -106. What is the highest common factor of k and 208?
26
Let r be ((-1)/(-1))/(1/2). Let d be 6/4*r - 23. Let p = d + 28. What is the highest common factor of 8 and p?
8
Let c be (-35)/15 - 1/(-3). Let l be ((-196)/(-35))/(c/(-40)). Suppose -20 - 6 = -2*n + h, 3*n + h - 44 = 0. What is the greatest common divisor of l and n?
14
Suppose k - 107 + 15 = 0. What is the greatest common factor of k and 506?
46
Suppose i - 2*q + 60 = 2*i, 3*i = -q + 180. Calculate the highest common divisor of 48 and i.
12
Let t(i) = i**2 - 15*i + 14. Let y be t(14). Let u(v) = y - 10*v + 6 - 4. Let c be u(-1). Calculate the greatest common factor of 60 and c.
12
Suppose -z = -2*z + 19. Let o be (-5013)/(-24) - 4/(-32). Calculate the greatest common divisor of z and o.
19
Let r = -36 - -113. What is the greatest common divisor of 385 and r?
77
Let i(o) = -5*o**3 - 2*o**2 + 4*o + 4. Let l be i(-2). Let y = 43 - l. Calculate the greatest common factor of 135 and y.
15
Let n(z) = 7*z + 2. Let h be 3/((-9)/(-24)*2). Let b be n(h). Suppose -i + 5*i = c - 4, 3*c - b = 3*i. Calculate the greatest common factor of 132 and c.
12
Let h be (-68)/(-18) + 12/54. Suppose u + u = 2*s + 62, 4*u = 5*s + 119. Calculate the highest common divisor of u and h.
4
Let h be 0 - 12/1*(-70)/3. Calculate the highest common factor of 520 and h.
40
Suppose -1 + 3 = 4*v - 3*c, 2*v - 4*c + 4 = 0. Let y(u) = 3 + 38*u**3 - v + 10*u + 2*u**2 - 12*u. Let b be y(1). What is the highest common factor of b and 13?
13
Let h be 8/10*(3915/6)/3. Suppose -3*i - 3*o + 6*o + h = 0, -3*i - 4*o = -153. Calculate the greatest common divisor of i and 33.
11
Suppose -g = -4*t - 136, -g + 7*t - 4*t = -132. Suppose -27*u + 4 = -25*u. Suppose 48 - 24 = u*d. Calculate the greatest common factor of g and d.
12
Let d = -1368 + 1401. Calculate the greatest common factor of 231 and d.
33
Suppose -132 = -4*l - 83*n + 86*n, -5*l + 146 = n. Calculate the greatest common factor of 34 and l.
2
Let u = 1527 + -1502. Suppose -17 = -3*k - 2. Calculate the highest common divisor of u and k.
5
Suppose -5*p + 21 = 11. Suppose -q = -p*x - 11, 0*q - 50 = -5*q + 5*x. What is the highest common factor of 9 and q?
9
Let q be (983/4 - (-30)/(-40)) + 2. What is the highest common factor of q and 38?
19
Let n(u) = 27*u**3 + 4*u**2 - 31*u + 4. Let y be n(4). Calculate the highest common factor of 11 and y.
11
Let m be (18/(-3))/((-3)/((-3)/(-2))). Let w be (m + (-10)/8)/((-4)/(-16)). What is the greatest common factor of 7 and w?
7
Let i = -32 - -47. Suppose -2*g - 4 = 0, -2*o + g + 248 + 84 = 0. Calculate the highest common divisor of o and i.
15
Let y be 3113/66 - 3*10/(-36). Let o = 5 - 1. Suppose 0 = o*n - 8*n + 48. Calculate the greatest common divisor of n and y.
12
Suppose 3*u - 45 = -117. Let w be (1 + 1)*(u*1)/(-4). What is the highest common factor of w and 4?
4
Let w(m) = m - 25. Let d(r) = r. Let s(x) = 4*d(x) - w(x). Let j be s(13). What is the highest common factor of 8 and j?
8
Let a(s) = 25 - s**2 - 33 - s + 19 - 7*s. Let p be a(-9). Suppose p*v = 2*n - 40, -5*v + 3*v + 26 = n. What is the greatest common factor of 2 and n?
2
Let u be (-10)/(-3)*18/10. Suppose -u*h + 2*h + 8 = 0. Let k = 1 - -5. Calculate the greatest common divisor of h and k.
2
Let j = 1 - -2. Suppose -j*x + 710 = 35. Suppose 12*n - 39 - 354 = -93. Calculate the highest common factor of x and n.
25
Let z be ((-72)/(-15))/((-27)/(-90)) - 4. What is the highest common divisor of 60 and z?
12
Suppose 15 = -3*q, 0 = 25*o - 28*o + 4*q + 149. Calculate the greatest common divisor of 516 and o.
43
Let c(n) = 10*n**3 - n**2 - 3*n - 2. Let g be c(-1). Let w be 26/91 + (-29)/14*g. What is the highest common divisor of w and 105?
21
Suppose -46*x = -45*x - 24. Let p be 4/(-32) - 1538/(-16). Calculate the greatest common divisor of p and x.
24
Let d be (3/3)/((-1)/(-363)). Suppose 2*f + 86 = 4*y - 36, -173 = -6*y + 5*f. What is the greatest common divisor of y and d?
33
Suppose -5*q - 15 = -2*t, 6*q - 2*q - 72 = -4*t. Suppose 0 + 12 = v. Suppose -153 = -t*f + v*f. Calculate the highest common divisor of 17 and f.
17
Suppose -320 = -32*a + 16*a. Calculate the greatest common divisor of 20 and a.
20
Let d(w) = 7*w**3 + 2*w**2 + 3*w - 3. Let n be d(2). Let r = 102 - n. Let o be (574/(-123))/((-4)/6). Calculate the greatest common factor of o and r.
7
Suppose -67 = -2*m - 5*j - 27, -4*m + 5*j = -20. Let x be (-4)/2*(1 + -26). Calculate the greatest common factor of m and x.
10
Suppose -c + 4*i + 41 = -4*c, -c - 27 = -2*i. Let f be (-10)/((-6)/(-3))*c. Calculate the highest common factor of 19 and f.
19
Suppose -3*o = -3*c - 105, -3*c + 0*o - 70 = 4*o. Let t be ((-10)/c)/((-1)/(-54)). What is the highest common factor of 9 and t?
9
Let a(k) = -253*k**3 - 7*k**2 - 6*k - 6. Let p be a(-2). Calculate the greatest common factor of p and 143.
143
Let a be (616/35)/(3/30). Calculate the highest common divisor of 16 and a.
16
Let d = 97 + -88. Suppose 2*j = 12 - 0. What is the greatest common factor of j and d?
3
Let t = 228 + -213. What is the highest common factor of t and 15?
15
Let i(p) = -42*p**3 - 10*p - 1. Let x be i(-3). Let c = x + -822. Calculate the highest common divisor of c and 31.
31
Suppose -4*n - 24 = -5*m - 86, 0 = -4*n - 2*m + 48. What is the highest common divisor of n and 13?
13
Suppose 5*w + d = -0*w + 6703, 0 = 5*w + 2*d - 6706. Calculate the greatest common factor of w and 20.
20
Let v(a) = -a**2 + 17*a - 61. Let x be v(8). What is the greatest common factor of x and 704?
11
Let c = -12 - -444. What is the highest common divisor of 27 and c?
27
Let q = -22 + 34.